 11 = 5*i. Let s be (-35)/(-2) - (-6)/12. What is the remainder when ((-48)/2)/(s/(-24)) is divided by j?
15
Suppose -4*r + 143 - 43 = 0. Let l = 1554 + -474. Suppose 112*j = 121*j - l. Calculate the remainder when j is divided by r.
20
Let i = 5110 - 4870. What is the remainder when i is divided by 150?
90
Suppose 0 = 65*r - 15906 - 41619. What is the remainder when r is divided by 832?
53
Let i = -5072 + 11340. What is the remainder when i is divided by 123?
118
Suppose -2*y + 6 = -256. Calculate the remainder when y is divided by (2/(-8))/((-134)/17688).
32
Suppose i + 4*q - 32 = q, -2*i + 52 = 3*q. Suppose 0 = i*z + 63 - 783. Calculate the remainder when 102 is divided by z.
30
Suppose 0 = 3*g - 93 - 6. Let b = -75 - -79. Suppose b*s - 2*p - 257 = -p, 5*s = 2*p + 319. What is the remainder when s is divided by g?
32
Suppose h + 45 = 4*h. Suppose 10*f + 161 = 591. What is the remainder when f is divided by h?
13
Let q(s) = 6*s**2 + 22*s - 7. Calculate the remainder when q(-12) is divided by 57.
23
Let p = 11 - 6. Suppose 0*n + 2*n = -p*k + 184, -k + 47 = -3*n. What is the remainder when k is divided by 6?
2
Suppose 0 = d - 5*h - 280, 186*d - 188*d + 538 = h. What is the remainder when 319 is divided by d?
49
Suppose 0 = -21*o - 46*o + 18*o. Suppose o = j - 107 + 34. What is the remainder when 143 is divided by j?
70
Suppose -25*t = 10*t - 280. Suppose -2*d + 726 = -2*v, -d + t*v - 3*v = -359. Calculate the remainder when d is divided by 95.
79
Let x(d) = 22*d - 43. Calculate the remainder when x(10) is divided by (22 + -19)*(1 + 14).
42
Suppose 155667 = 357*t + 111183 - 190422. Calculate the remainder when t is divided by 12.
10
Let m(z) = -9*z + 16*z + 6 + 1 - z**2 + 15. What is the remainder when m(7) is divided by 9?
4
Let d = 1972 + -1936. Calculate the remainder when 1472 is divided by d.
32
Let b = 58 - 17. Let f(v) = 3*v**2 - 2*v - 5. Suppose 5*z - 13 + 23 = 0. What is the remainder when b is divided by f(z)?
8
Suppose 506*c - 70*c - 18964 = -652. Calculate the remainder when 21459 is divided by c.
39
Let r(v) = 54*v - 1. Let l = 23 - 24. Calculate the remainder when r(3) is divided by (6/15)/(l/(-90)*2).
17
Let c(t) = t**3 - 12*t**2 + 32*t - 120. Let h be c(10). Suppose 270 - 70 = 5*f. Suppose h*n - f = -8*n. Calculate the remainder when 18 is divided by n.
3
Let q = 406 - 12. Suppose 4*h - 151 = 113. What is the remainder when q is divided by h?
64
Suppose -4*u + 35 = 19, b + 4*u = 109. Calculate the remainder when 234 is divided by b.
48
Suppose 0 = 2*r - 5*k + 103 - 269, r - 80 = 4*k. What is the remainder when 221 is divided by r?
45
What is the remainder when 855 is divided by 130 - (-44)/((-48)/12)?
22
Suppose -40*b + 424 + 245 = -1411. What is the remainder when 137 is divided by b?
33
Let d = 214 + -117. Suppose -3*t - 194 = 5*x + d, 4*t + 359 = 3*x. Let o = t - -120. What is the remainder when o is divided by 15?
13
Let z be (-32)/320 - 179/10. Calculate the remainder when 259 is divided by (18/z)/((-1)/29).
27
Suppose 0 = -25*m - 3638 + 16513. What is the remainder when m is divided by 7?
4
What is the remainder when (-19)/((-114)/30) + 1267 is divided by 422?
6
Let i = 8168 - 7339. Calculate the remainder when i is divided by 93.
85
Suppose 50 = 36*d - 57 - 1. Calculate the remainder when 113 is divided by d.
2
Suppose 24*h - 21*h - 5*v - 100 = 0, 28*h - 1116 = v. Suppose 0 = 3*y + 2*y. Suppose y = k + 85 - 281. Calculate the remainder when k is divided by h.
36
Let m = 68578 + -68558. Let h(j) = -54*j + 1. Let i be h(-1). Suppose 5*k = -0*k + i. Calculate the remainder when m is divided by k.
9
Calculate the remainder when (-253 - -2265)*2/4 is divided by 16.
14
Let x = 588 + 4388. Calculate the remainder when x is divided by 13.
10
Let k be (1 - (-10)/(-8))*16. Let w(l) = -3*l**3 - 11*l**2 - 7*l + 10. What is the remainder when w(k) is divided by 20?
14
Suppose q + 140 = d + 164, 0 = 2*d. What is the remainder when 401 is divided by q?
17
Suppose 2*g - 127 = 51. Let l = -2148 - -2195. Calculate the remainder when g is divided by l.
42
Let v(p) = -p**3 + 39*p**2 + 49*p - 74. Let t be v(40). Let k = t + -235. Calculate the remainder when k is divided by 27.
24
Let c(a) = a - 1. Let g be c(9). Let x(k) = k**2 - 10*k + 64. What is the remainder when 189 is divided by x(g)?
45
Let i = 146 - 154. Let l(z) = -z**3 - 2*z**2 + 10*z - 19. Calculate the remainder when l(i) is divided by 41.
39
Suppose 14*k - 700 = 1148. Let v = 1227 + -1165. What is the remainder when k is divided by v?
8
What is the remainder when 8/(64/40) - -239 is divided by 63?
55
Let a = -1911 - -1928. Suppose 0 = -2*d - d + 1011. What is the remainder when d is divided by a?
14
Let o = -90 + 128. Let u(l) = l + 66. Let n be u(6). Suppose -2*z - 3*z + 60 = 4*t, -2*z + n = 4*t. What is the remainder when o is divided by t?
18
Suppose 0 = 12536*j - 12528*j - 1680 - 1440. Calculate the remainder when j is divided by 25.
15
Suppose -4*d = -4*l + 20, -d - 11 = -l - 6*d. What is the remainder when 62 is divided by 122/7 + l/(-14)?
11
Suppose 3*m + 187*v - 192*v = 234, 312 = 4*m - v. Calculate the remainder when m is divided by 2/(2 - 1) + 7.
6
Suppose -4*i + c + 4608 = 0, -i = 4*i - 4*c - 5760. Calculate the remainder when i is divided by 77.
74
Let z = 524795 - 524792. Let s be (-1)/3 + 226/(-6). Let i = -21 - s. What is the remainder when i is divided by z?
2
Let d = 414 - 384. Calculate the remainder when d/(-105) - 1224/(-21) is divided by 32.
26
Let v = 192 - 160. Let l(g) = g**3 - 30*g**2 - 62*g - 21. What is the remainder when 115 is divided by l(v)?
29
Suppose s - 2*t - 137 = 0, -12*s + 11*s - 4*t + 143 = 0. Let n = -45 - -59. What is the remainder when s is divided by n?
13
Suppose -3*o + 361 = -5*l, -3*o + 367 = 3*l - 2*l. Suppose -o = 5*t - 242. Calculate the remainder when 76 is divided by t.
4
Suppose 0 = 76*s - 74*s + 5*m - 317, 5*s = m + 671. Calculate the remainder when 450 is divided by s.
42
Let l = -216 + 234. What is the remainder when -2*4/(-16) - (-513)/6 is divided by l?
14
Let q(o) = -8*o + 332. Let k be q(0). Let j = k + -309. Calculate the remainder when 69 is divided by j.
0
Let v(k) = -2*k**2 + 87*k + 79. Let o be v(44). What is the remainder when 54 is divided by o/10 + 3*(-4)/(-8)?
4
Let g(n) = -31*n**2 - 1550*n + 42. Let q = 87 + -60. What is the remainder when g(-50) is divided by q?
15
Let n be -5 + (-4)/(-16) + (-474)/(-24). Suppose n*j + 138 - 7053 = 0. Calculate the remainder when j is divided by 33.
32
Let n be (2 - (-130)/25)/(6/80). Let f = n + -40. Calculate the remainder when 167 is divided by f.
55
Let t(u) = -2*u**2 + 94*u + 188. What is the remainder when t(42) is divided by 157?
137
Let b(l) = l**2 - 105*l + 1543. What is the remainder when 1169 is divided by b(91)?
93
Suppose 0*d = 4*d + 2*y + 132, 5*d = -3*y - 166. Let m = d + 53. Calculate the remainder when m is divided by 7.
0
Suppose -3*b = 5*a - 1799, 4*a + 3*b = 4518 - 3080. What is the remainder when a is divided by 185?
176
Suppose 2*p = 5*p + 744. Let c = p - -305. What is the remainder when c is divided by 31?
26
Suppose -89 + 25 = -n - s, 3*n = 3*s + 174. Let q = 155 + -38. Calculate the remainder when q is divided by n.
56
Suppose -5*q + 358 = -517. Let c(l) = l**2 + 176*l + 5357. What is the remainder when q is divided by c(-137)?
7
Let t(i) = 79*i + 2743. What is the remainder when 1150 is divided by t(-32)?
75
Let r(x) = -13*x**2 - 164*x - 155. Calculate the remainder when r(-10) is divided by 104.
81
Let t = 327 + -318. Calculate the remainder when 890 is divided by t.
8
Let y(j) = -50*j - 89. Let q be y(-4). Suppose -6*r + 21 = -q. What is the remainder when 80 is divided by r?
14
Let l = -1423 + 1440. Let f(n) be the second derivative of -n**5/20 + n**3/6 + 49*n**2/2 - 2*n. Calculate the remainder when f(0) is divided by l.
15
Let k(t) = -4*t - 4. Suppose 2*p + 2*s = -842, 2*p + s + 626 + 221 = 0. What is the remainder when 12/(5 - p/(-90)) is divided by k(-4)?
9
Suppose -4*c + 574 = -5*w, -w + 6*w + c = -569. Let y = w - -302. Calculate the remainder when y is divided by 19.
17
What is the remainder when 593 - (-8 - (-18 - -10)) is divided by 20?
13
Let u(a) = -26*a**3 + 9*a**2 + 4*a + 3. Let h be u(-2). Let g = -185 + h. What is the remainder 